.
-148
Let j(d) = d**3 + 7*d**2 - 66*d + 68. What is j(5)?
38
Let d(t) = 778*t - 6942. Give d(9).
60
Let y(z) = -5*z - 15. Calculate y(-10).
35
Let z(b) = -b**3 - 23*b**2 + 2*b + 59. Give z(-23).
13
Let s(y) = -2*y**2 + 14*y + 78. What is s(11)?
-10
Let a(z) = 4265*z - 5. Give a(0).
-5
Let r(k) = -3*k**3 + 168*k**2 + 12*k - 673. What is r(56)?
-1
Let v(d) = -8*d - 158. What is v(-32)?
98
Let w(t) = 2*t**3 + 42*t**2 + 44*t + 55. Give w(-20).
-25
Let w(r) = 31*r + 1965. Determine w(-80).
-515
Let d(v) = 4*v**3 - 73*v**2 + 20*v + 3. Determine d(18).
39
Let g(m) = -380*m - 1485. What is g(-4)?
35
Let c(j) = -2*j**3 - 8*j**2 + 4*j + 27. Give c(-4).
11
Let j(y) = -3*y**3 + 19*y**2 - 9*y + 31. What is j(6)?
13
Let b(c) = 31*c**2 - 56*c + 1. Give b(1).
-24
Let r(t) = 1316*t + 25006. Give r(-19).
2
Let a(s) = -86*s - 328. Calculate a(-4).
16
Let v(n) = n - 233. Calculate v(-27).
-260
Let z(v) = 222*v - 786. What is z(4)?
102
Let l(o) = 16*o - 37. What is l(-3)?
-85
Let a(o) = 5*o**3 - 274*o**2 - 50*o - 322. Give a(55).
-47
Let k(b) = b**3 - 48*b**2 - 5*b - 88. What is k(48)?
-328
Let j(l) = -l**3 - 52*l**2 + 52*l - 63. Give j(-53).
-10
Let l(d) = 12*d**3 + 348*d**2 + 3*d + 103. Calculate l(-29).
16
Let a(r) = 7*r + 20. Calculate a(-10).
-50
Let b(i) = -i**3 - 7*i**2 + 15*i + 10. What is b(-9)?
37
Let c(m) = m**3 - 33*m**2 + 88*m - 23. Determine c(30).
-83
Let x(b) = -4*b**2 + 256*b - 26. Give x(64).
-26
Let w(y) = -y**2 + 18*y + 756. Calculate w(37).
53
Let a(g) = g**3 - 85*g**2 - 70*g - 604. What is a(86)?
772
Let m(q) = q**2 - 20*q + 91. Calculate m(7).
0
Let v(p) = -9*p + 211. Calculate v(7).
148
Let x(j) = -3*j**2 - j + 52. Calculate x(-8).
-132
Let d(v) = v**3 + 23*v**2 + 97*v + 29. Determine d(-10).
359
Let l(a) = -14*a**3 + 518*a**2 + 13. Give l(37).
13
Let q(d) = d**3 + 20*d**2 - 159*d - 29. Determine q(7).
181
Let d(q) = -4*q**2 - 105*q - 680. Calculate d(-11).
-9
Let u(j) = j**3 + 15*j**2 - 174*j - 73. Calculate u(8).
7
Let z(a) = -2*a**2 - 8*a + 1012. Give z(21).
-38
Let b(q) = -8*q**2 + 112*q - 78. Give b(13).
26
Let w(b) = b**3 + 31*b**2 - 66*b - 10. Calculate w(-33).
-10
Let m(c) = 7*c - 18. Give m(-7).
-67
Let c(m) = -3*m**2 - 143*m + 577. Give c(4).
-43
Let i(r) = 2*r**3 + 7*r**2 + 6*r - 17. Calculate i(-5).
-122
Let f(r) = r**2 - 176*r - 2645. What is f(190)?
15
Let v(r) = 2*r**2 - 31*r + 164. Determine v(21).
395
Let n(q) = -2*q**3 - 315*q**2 - 4149*q - 278. Give n(-143).
8
Let c(z) = z**2 + 7*z - 109. Determine c(8).
11
Let m(f) = 75*f - 2851. Determine m(38).
-1
Let l(r) = 2*r**3 - 6*r**2 - 27*r + 12. Calculate l(5).
-23
Let l(x) = -x**3 + 14*x**2 - x - 104. Give l(6).
178
Let x(q) = q**3 + 68*q**2 + 387*q + 66. Determine x(-6).
-24
Let f(u) = -u**3 + u**2 + 54*u + 22. Give f(8).
6
Let a(d) = d**2 + 69*d. Determine a(-66).
-198
Let v(r) = r**3 - 40*r**2 - 39*r + 136. Calculate v(41).
218
Let w(l) = l**2 - 81*l + 996. What is w(66)?
6
Let i(y) = 2*y**2 + 77*y + 244. Determine i(-36).
64
Let b(k) = 2*k**2 + 10*k + 96. Calculate b(-10).
196
Let z(x) = -2*x**2 - 82*x - 91. Calculate z(-40).
-11
Let v(t) = -t**3 - 13*t**2 - 48*t - 51. Calculate v(-8).
13
Let b(v) = -7*v**3 + v**2 + 246*v + 243. Give b(-1).
5
Let d(y) = -15*y**2 + 35*y - 67. Give d(6).
-397
Let x(p) = 22*p**2 + 176*p + 22. Determine x(-8).
22
Let w(u) = -u**2 + 151*u - 5377. What is w(57)?
-19
Let p(i) = i**3 - 12*i**2 - 23*i + 160. Calculate p(12).
-116
Let y(m) = m**2 - 9*m - 56. Calculate y(21).
196
Let g(r) = r**2 + 51*r + 610. Determine g(-28).
-34
Let p(w) = -14*w**2 - 26*w + 143. Determine p(4).
-185
Let q(r) = -7*r - 19. What is q(-3)?
2
Let d(y) = 10*y + 630. Give d(-58).
50
Let b(k) = k**3 - 18*k**2 + 75*k - 89. Determine b(6).
-71
Let f(l) = -6*l**2 - 36*l - 133. Determine f(-10).
-373
Let d(w) = -23*w + 235. What is d(11)?
-18
Let u(g) = 2*g**3 - 10*g**2 + 17*g - 1. What is u(4)?
35
Let j(b) = -b**2 + 130*b + 4604. Calculate j(159).
-7
Let q(y) = -3275*y + 19650. Give q(6).
0
Let f(o) = -o**3 + 20*o**2 + 242*o + 144. Give f(-8).
0
Let k(b) = 4*b**2 + 58*b - 2327. Calculate k(18).
13
Let v(n) = -3*n**2 - 65*n + 17. Determine v(-27).
-415
Let n(q) = q**3 + 4*q**2 - 9*q - 68. Determine n(-6).
-86
Let x(g) = -g**3 - 19*g**2 - 2*g - 49. Give x(-19).
-11
Let s(l) = -3*l**3 - 16*l**2 + 25*l + 76. What is s(-6)?
-2
Let d(j) = -8*j + 234. Give d(22).
58
Let h(g) = 6*g**2 + 4*g - 3. Determine h(-2).
13
Let n(l) = 6*l**2 - 681*l - 1012. Determine n(115).
23
Let m(q) = 42*q**2 - 1307*q - 25. Calculate m(31).
-180
Let o(k) = -k + 47. Calculate o(45).
2
Let n(i) = 51*i - 62. Calculate n(4).
142
Let c(y) = -y**2 + 13*y + 206. What is c(23)?
-24
Let z(m) = 9*m - 191. Give z(13).
-74
Let u(x) = -x**3 + 18*x**2 - 33*x + 26. Calculate u(16).
10
Let q(z) = z - 24. Calculate q(10).
-14
Let d(n) = -3*n - 84. What is d(-12)?
-48
Let b(l) = -l**3 - 19*l**2 - 76*l + 110. Give b(-13).
84
Let u(m) = -2*m**3 - 14*m**2 - 10*m - 39. What is u(-6)?
-51
Let j(v) = -v**3 - 49*v**2 - 103*v - 405. Give j(-47).
18
Let s(d) = 3*d**3 - 148*d**2 - 101*d + 256. Determine s(50).
206
Let h(d) = -d**2 - 48*d - 480. Give h(-29).
71
Let y(r) = -14*r - 603. Give y(-12).
-435
Let a(y) = y**2 + 387*y - 4732. What is a(12)?
56
Let z(f) = -734*f - 5133. Determine z(-7).
5
Let m(o) = -2*o**2 - 11*o + 29. Calculate m(2).
-1
Let o(m) = 16*m + 245. Determine o(-9).
101
Let n(f) = -2*f**2 + 111*f - 703. Calculate n(49).
-66
Let t(a) = -a**2 + 2*a + 374. What is t(20)?
14
Let g(y) = 723*y + 7948. Determine g(-11).
-5
Let b(n) = -9425*n - 37694. Calculate b(-4).
6
Let x(w) = -1983*w - 5963. Give x(-3).
-14
Let q(f) = 225*f**2 + 9*f - 6. Calculate q(1).
228
Let t(g) = -2*g**2 + 99*g - 519. Give t(8).
145
Let f(j) = -5*j**3 - 74*j**2 - 38*j - 796. Calculate f(-15).
-1
Let i(s) = 75*s**3 - 6*s + 5. Determine i(1).
74
Let s(r) = -98*r + 245. Give s(2).
49
Let k(q) = -401*q + 12843. Calculate k(32).
11
Let h(a) = -a**2 + 18*a + 42. Calculate h(22).
-46
Let g(j) = -j**3 - 3*j**2 - 22*j + 48. Calculate g(-8).
544
Let r(t) = -t**3 - 12*t**2 - 283*t - 1465. Give r(-6).
17
Let g(w) = -w**2 - 3*w - 12. Calculate g(-7).
-40
Let l(b) = b**3 + 40*b**2 + 112*b + 43. Give l(-37).
6
Let a(f) = -161*f + 379. Give a(4).
-265
Let b(m) = m**3 + 12*m**2 - 82*m - 902. Give b(-13).
-5
Let j(r) = -r**3 - 25*r**2 - 44*r + 39. Calculate j(-23).
-7
Let g(r) = r**2 - 19*r - 222. Determine g(27).
-6
Let p(h) = -h**2 + 182*h + 5639. Give p(-27).
-4
Let x(m) = -m**3 - 12*m**2 - 21*m - 118. What is x(-11)?
-8
Let k(o) = -339*o + 8481. Determine k(25).
6
Let k(i) = -i**3 + 25*i**2 - 3*i - 19. What is k(25)?
-94
Let c(p) = -p**2 - 490*p - 8502. Give c(-18).
-6
Let y(n) = 3*n**2 - 9*n + 5. What is y(8)?
125
Let p(c) = 3*c**3 + 347*c**2 + 243*c + 1494. Calculate p(-115).
-1
Let q(k) = -k**3 + 32*k**2 + 96*k - 960. Give q(34).
-8
Let q(c) = -37*c**2 - 26*c - 58. Give q(-4).
-546
Let t(w) = w**2 - 55*w - 1678. Determine t(74).
-272
Let b(q) = 22*q - 1662. Calculate b(80).
98
Let x(d) = -5*d**3 + 4*d**2 + 145*d + 755. Give x(-5).
755
Let h(i) = 2*i**3 + 66*i**2 - 64*i + 129. Give h(-34).
-7
Let r(x) = -3*x**2 - 1327*x + 73845. What is r(50)?
-5
Let d(c) = -59*c - 176. Give d(-3).
1
Let a(m) = -183*m - 35. Calculate a(-1).
148
Let u(q) = -1183*q - 3536. Determine u(-3).
13
Let c(k) = -3*k**2 + 7. Calculate c(5).
-68
Let o(n) = 117*n + 760. What is o(-7)?
-59
Let f(q) = 60*q + 323. What is f(-6)?
-37
Let v(h) = 91*h - 16. Give v(0).
-16
Let g(s) = -16*s - 807. What is g(-39)?
-183
Let y(a) = -40*a**2 - 72*a - 8. Calculate y(4).
-936
Let i(j) = -1222*j + 18336. Calculate i(15).
6
Let i(l) = 7*l**3 - 4*l**2 - 114*l + 116. Determine i(1).
5
Let h(x) = -x**2 - 16*x + 379. What is h(14)?
-41
Let i(b) = -178*b**3 + 12*b**2 + 4*b + 5. What is i(-1)?
191
Let x(d) = -4*d**2 - 99*d + 464. Give x(4).
4
Let a(k) = k**3 - 70*k**2 + 892*k + 475. Determine a(53).
-2
Let i(g) = 2*g**2 - 51*g - 299. What is i(-6)?
79
Let w(g) = -g**3 - 26*g**2 - 59*g - 838. Determine w(-25).
12
Let d(u) = u**2 + 389*u + 779. What is d(-2)?
5
Let d(j) = 116*j + 1043. Calculate d(-9).
-1
Let k(i) = -251*i - 1755. Determine k(-7).
2
Let q(a) = -5*a**2 - 221*a - 665. Calculate q(-41).
-9
Let l(j) = 10*j + 734. Give l(-72).
14
Let s(g) = -g**3 + 144*g**2 - 1461*g - 263. Calculate s(133).
3
